3143
List the prime factors of 1173119.
17, 151, 457
List the prime factors of 3843466.
2, 11, 174703
List the prime factors of 1211583.
3, 403861
What are the prime factors of 113623?
113623
List the prime factors of 356270.
2, 5, 23, 1549
List the prime factors of 242423.
149, 1627
List the prime factors of 8967625.
5, 71741
What are the prime factors of 21894596?
2, 1559, 3511
List the prime factors of 250892.
2, 62723
What are the prime factors of 2141557?
11, 194687
List the prime factors of 1528282.
2, 7, 173, 631
List the prime factors of 4850886.
2, 3, 808481
What are the prime factors of 4046517?
3, 49957
List the prime factors of 360616.
2, 45077
What are the prime factors of 191179?
37, 5167
What are the prime factors of 29196121?
67, 435763
List the prime factors of 34053024.
2, 3, 37, 9587
List the prime factors of 2109226.
2, 7, 150659
What are the prime factors of 24031626?
2, 3, 4005271
List the prime factors of 192906.
2, 3, 7, 1531
What are the prime factors of 28136396?
2, 7034099
What are the prime factors of 130674?
2, 3, 29, 751
List the prime factors of 50742.
2, 3, 2819
What are the prime factors of 80227?
7, 73, 157
List the prime factors of 17732.
2, 11, 13, 31
What are the prime factors of 50145?
3, 5, 3343
What are the prime factors of 1144691?
1144691
What are the prime factors of 845763?
3, 281921
What are the prime factors of 654910?
2, 5, 79, 829
What are the prime factors of 2282418?
2, 3, 73, 193
List the prime factors of 244591.
277, 883
List the prime factors of 962175.
3, 5, 12829
What are the prime factors of 82959?
3, 27653
What are the prime factors of 207617?
191, 1087
What are the prime factors of 23749919?
59, 402541
What are the prime factors of 800770?
2, 5, 80077
List the prime factors of 10222042.
2, 571, 8951
What are the prime factors of 10781176?
2, 7, 3929
What are the prime factors of 794354?
2, 11, 36107
List the prime factors of 518703.
3, 37, 4673
What are the prime factors of 3069810?
2, 3, 5, 23, 1483
What are the prime factors of 162078?
2, 3, 7, 17, 227
List the prime factors of 1907966.
2, 953983
What are the prime factors of 19571903?
13, 787, 1913
What are the prime factors of 419126?
2, 209563
List the prime factors of 115863.
3, 11, 3511
List the prime factors of 576315.
3, 5, 1423
List the prime factors of 30493719.
3, 71, 15907
List the prime factors of 209598.
2, 3, 181, 193
What are the prime factors of 2954235?
3, 5, 23, 8563
What are the prime factors of 3191681?
3191681
What are the prime factors of 44779?
7, 6397
List the prime factors of 1370772.
2, 3, 13, 29, 101
What are the prime factors of 973622?
2, 13, 37447
List the prime factors of 1190098.
2, 7, 13, 503
What are the prime factors of 1718363?
337, 5099
What are the prime factors of 26784?
2, 3, 31
What are the prime factors of 462052?
2, 115513
List the prime factors of 1714639.
1714639
List the prime factors of 624402.
2, 3, 31, 373
List the prime factors of 20066084.
2, 5016521
List the prime factors of 669835.
5, 133967
List the prime factors of 263633.
43, 6131
What are the prime factors of 81619?
81619
List the prime factors of 156161.
19, 8219
What are the prime factors of 708967?
7, 101281
List the prime factors of 5307863.
11, 499, 967
List the prime factors of 2946133.
2946133
List the prime factors of 1885106.
2, 103, 9151
What are the prime factors of 2372585?
5, 31, 15307
List the prime factors of 358578.
2, 3, 11, 1811
List the prime factors of 7706504.
2, 13, 74101
List the prime factors of 1253669.
167, 7507
List the prime factors of 5550104.
2, 7, 99109
List the prime factors of 34374.
2, 3, 17, 337
List the prime factors of 1429094.
2, 83, 8609
List the prime factors of 1116278.
2, 558139
List the prime factors of 151027.
151027
List the prime factors of 1066318.
2, 11, 19, 2551
What are the prime factors of 64693?
64693
List the prime factors of 225884.
2, 149, 379
What are the prime factors of 3634188?
2, 3, 43, 7043
List the prime factors of 1755988.
2, 13, 33769
What are the prime factors of 9482960?
2, 5, 113, 1049
What are the prime factors of 179511?
3, 53, 1129
List the prime factors of 476375.
5, 37, 103
List the prime factors of 3573661.
7, 13, 173, 227
List the prime factors of 4563742.
2, 89, 25639
What are the prime factors of 256073?
163, 1571
List the prime factors of 874777.
874777
What are the prime factors of 81444?
2, 3, 11, 617
What are the prime factors of 44578?
2, 31, 719
What are the prime factors of 6446?
2, 11, 293
What are the prime factors of 6073209?
3, 29, 23269
What are the prime factors of 4475926?
2, 7, 13, 24593
What are the prime factors of 4292862?
2, 3, 7, 43, 2377
List the prime factors of 1482142.
2, 741071
What are the prime factors of 246681?
3, 27409
List the prime factors of 34255.
5, 13, 17, 31
What are the prime factors of 457365?
3, 5, 30491
What are the prime factors of 214853?
214853
What are the prime factors of 345547?
345547
What are the prime factors of 254926?
2, 7, 131, 139
What are the prime factors of 143524?
2, 53, 677
What are the prime factors of 9500777?
11, 13, 29, 79
What are the prime factors of 3926262?
2, 3, 691, 947
What are the prime factors of 1984980?
2, 3, 5, 33083
What are the prime factors of 242159?
113, 2143
List the prime factors of 1632368.
2, 102023
What are the prime factors of 163576?
2, 7, 23, 127
List the prime factors of 322665.
3, 5, 7, 439
What are the prime factors of 230512?
2, 14407
List the prime factors of 3803628.
2, 3, 563
What are the prime factors of 32919?
3, 10973
What are the prime factors of 7253844?
2, 3, 13, 46499
List the prime factors of 434080.
2, 5, 2713
What are the prime factors of 2203012?
2, 7, 19, 41, 101
What are the prime factors of 4172512?
2, 101, 1291
What are the prime factors of 9463533?
3, 3154511
What are the prime factors of 92656?
2, 5791
What are the prime factors of 99352?
2, 11, 1129
List the prime factors of 15118504.
2, 41, 46093
What are the prime factors of 462009?
3, 17, 9059
What are the prime factors of 3669477?
3, 7, 174737
List the prime factors of 165294.
2, 3, 3061
List the prime factors of 728359.
47, 15497
What are the prime factors of 2800689?
3, 933563
What are the prime factors of 34033?
34033
What are the prime factors of 16272788?
2, 7, 581171
What are the prime factors of 321341?
321341
What are the prime factors of 79601?
79601
What are the prime factors of 1834814?
2, 917407
What are the prime factors of 64295?
5, 7, 11, 167
List the prime factors of 1228373.
1228373
What are the prime factors of 5534021?
941, 5881
What are the prime factors of 315370?
2, 5, 11, 47, 61
What are the prime factors of 804373?
29, 27737
List the prime factors of 2891705.
5, 19, 61, 499
What are the prime factors of 235237?
67, 3511
What are the prime factors of 18944?
2, 37
List the prime factors of 49259.
7, 31, 227
List the prime factors of 1592429.
1592429
What are the prime factors of 507416?
2, 7, 13, 17, 41
What are the prime factors of 5180051?
5180051
What are the prime factors of 3018770?
2, 5, 301877
List the prime factors of 2584577.
47, 127, 433
List the prime factors of 3668613.
3, 13, 109, 863
List the prime factors of 22073256.
2, 3, 102191
List the prime factors of 700220.
2, 5, 157, 223
List the prime factors of 1354665.
3, 5, 13, 6947
List the prime factors of 605487.
3, 201829
List the prime factors of 111805.
5, 59, 379
List the prime factors of 1747268.
2, 191, 2287
What are the prime factors of 11417934?
2, 3, 11, 172999
What are the prime factors of 7949868?
2, 3, 167, 3967
List the prime factors of 9620982.
2, 3, 7, 29, 2633
List the prime factors of 217602.
2, 3, 7, 11, 157
List the prime factors of 20334860.
2, 5, 7, 13, 11173
List the prime factors of 27671904.
2, 3, 13, 19, 389
List the prime factors of 26811187.
13, 31, 66529
List the prime factors of 1266478.
2, 571, 1109
What are the prime factors of 1542303?
3, 7, 24481
List the prime factors of 361247.
19, 19013
List the prime factors of 492673.
492673
List the prime factors of 835177.
7, 119311
What are the prime factors of 169495?
5, 109, 311
List the prime factors of 15879955.
5, 7, 13, 17, 2053
What are the prime factors of 5404187?
5404187
List the prime factors of 300619.
11, 27329
Li